{"id":327,"date":"2023-03-14T17:54:28","date_gmt":"2023-03-14T20:54:28","guid":{"rendered":"https:\/\/www.ee.usp.br\/proesa\/?page_id=327"},"modified":"2024-11-04T08:52:33","modified_gmt":"2024-11-04T11:52:33","slug":"nossa-historia","status":"publish","type":"page","link":"https:\/\/www.ee.usp.br\/proesa\/nossa-historia","title":{"rendered":"Nossa Hist\u00f3ria"},"content":{"rendered":"\t\t<div data-elementor-type=\"wp-page\" data-elementor-id=\"327\" class=\"elementor elementor-327\">\n\t\t\t\t\t\t<section class=\"elementor-section elementor-top-section elementor-element elementor-element-78919a6 elementor-section-boxed elementor-section-height-default elementor-section-height-default\" data-id=\"78919a6\" data-element_type=\"section\" data-e-type=\"section\">\n\t\t\t\t\t\t<div class=\"elementor-container elementor-column-gap-default\">\n\t\t\t\t\t<div class=\"elementor-column elementor-col-100 elementor-top-column elementor-element elementor-element-bba358a\" data-id=\"bba358a\" data-element_type=\"column\" data-e-type=\"column\">\n\t\t\t<div class=\"elementor-widget-wrap elementor-element-populated\">\n\t\t\t\t\t\t<div class=\"elementor-element elementor-element-737829e elementor-widget elementor-widget-text-editor\" data-id=\"737829e\" data-element_type=\"widget\" data-e-type=\"widget\" data-widget_type=\"text-editor.default\">\n\t\t\t\t<div class=\"elementor-widget-container\">\n\t\t\t\t\t\t\t\t\t<p>O Programa de P\u00f3s-Gradua\u00e7\u00e3o em Enfermagem na Sa\u00fade do Adulto (PROESA) da Escola de Enfermagem da USP, nasceu em 2000 da fus\u00e3o das \u00c1reas de Concentra\u00e7\u00e3o \u201cFundamentos de Enfermagem\u201d e \u201cEnfermagem da Sa\u00fade do Adulto Institucionalizado\u201d, anteriormente pertencentes ao Programa de P\u00f3s-Gradua\u00e7\u00e3o em Enfermagem da Escola de Enfermagem da Universidade de S\u00e3o Paulo (EEUSP).<\/p><p>O PROESA tem como n\u00facleo o desenvolvimento de estudos sobre modelos e pr\u00e1ticas avan\u00e7adas do cuidar em enfermagem. Os Cursos de Mestrado e Doutorado do PROESA s\u00e3o recomendados e reconhecidos pela CAPES com Nota 7.<\/p>\t\t\t\t\t\t\t\t<\/div>\n\t\t\t\t<\/div>\n\t\t\t\t\t<\/div>\n\t\t<\/div>\n\t\t\t\t\t<\/div>\n\t\t<\/section>\n\t\t\t\t<section class=\"elementor-section elementor-top-section elementor-element elementor-element-44c9e9a elementor-section-boxed elementor-section-height-default elementor-section-height-default\" data-id=\"44c9e9a\" data-element_type=\"section\" data-e-type=\"section\">\n\t\t\t\t\t\t<div class=\"elementor-container elementor-column-gap-default\">\n\t\t\t\t\t<div class=\"elementor-column elementor-col-33 elementor-top-column elementor-element elementor-element-4544b0e\" data-id=\"4544b0e\" data-element_type=\"column\" data-e-type=\"column\">\n\t\t\t<div class=\"elementor-widget-wrap elementor-element-populated\">\n\t\t\t\t\t\t<div class=\"elementor-element elementor-element-fd82f06 elementor-widget elementor-widget-image\" data-id=\"fd82f06\" data-element_type=\"widget\" data-e-type=\"widget\" data-widget_type=\"image.default\">\n\t\t\t\t<div class=\"elementor-widget-container\">\n\t\t\t\t\t\t\t\t\t\t\t\t\t\t\t<img fetchpriority=\"high\" decoding=\"async\" width=\"370\" height=\"418\" src=\"https:\/\/www.ee.usp.br\/proesa\/wp-content\/uploads\/2023\/03\/missao.jpg\" class=\"attachment-large size-large wp-image-336\" alt=\"\" srcset=\"https:\/\/www.ee.usp.br\/proesa\/wp-content\/uploads\/2023\/03\/missao.jpg 370w, https:\/\/www.ee.usp.br\/proesa\/wp-content\/uploads\/2023\/03\/missao-133x150.jpg 133w, https:\/\/www.ee.usp.br\/proesa\/wp-content\/uploads\/2023\/03\/missao-237x268.jpg 237w\" sizes=\"(max-width: 370px) 100vw, 370px\" \/>\t\t\t\t\t\t\t\t\t\t\t\t\t\t\t<\/div>\n\t\t\t\t<\/div>\n\t\t\t\t\t<\/div>\n\t\t<\/div>\n\t\t\t\t<div class=\"elementor-column elementor-col-66 elementor-top-column elementor-element elementor-element-69bd6ec\" data-id=\"69bd6ec\" data-element_type=\"column\" data-e-type=\"column\">\n\t\t\t<div class=\"elementor-widget-wrap elementor-element-populated\">\n\t\t\t\t\t\t<div class=\"elementor-element elementor-element-43562b3 elementor-widget elementor-widget-text-editor\" data-id=\"43562b3\" data-element_type=\"widget\" data-e-type=\"widget\" data-widget_type=\"text-editor.default\">\n\t\t\t\t<div class=\"elementor-widget-container\">\n\t\t\t\t\t\t\t\t\t<p>O PROESA tem como miss\u00e3o formar recursos humanos de excel\u00eancia em pesquisa nos n\u00edveis de Mestrado Acad\u00eamico (ME) e Doutorado Acad\u00eamico (DO) e P\u00f3s-Doutores (P\u00f3s-Doc), por meio da capacita\u00e7\u00e3o dos enfermeiros e outros profissionais da sa\u00fade para os processos de produ\u00e7\u00e3o de conhecimento, de atualiza\u00e7\u00e3o cient\u00edfica e de aperfei\u00e7oamento em tecnologias do cuidar, no \u00e2mbito da Enfermagem na Sa\u00fade do Adulto, integrando conhecimentos da ci\u00eancia de enfermagem aos de outras disciplinas. Como perfil dos egressos espera-se que sejam capazes de impulsionar a pesquisa, a educa\u00e7\u00e3o e o cuidado em pr\u00e1ticas cl\u00ednicas avan\u00e7adas, dentro do escopo legal e \u00e9tico da profiss\u00e3o.<\/p>\t\t\t\t\t\t\t\t<\/div>\n\t\t\t\t<\/div>\n\t\t\t\t\t<\/div>\n\t\t<\/div>\n\t\t\t\t\t<\/div>\n\t\t<\/section>\n\t\t\t\t<section class=\"elementor-section elementor-top-section elementor-element elementor-element-d65e2c6 elementor-section-boxed elementor-section-height-default elementor-section-height-default\" data-id=\"d65e2c6\" data-element_type=\"section\" data-e-type=\"section\">\n\t\t\t\t\t\t<div class=\"elementor-container elementor-column-gap-default\">\n\t\t\t\t\t<div class=\"elementor-column elementor-col-66 elementor-top-column elementor-element elementor-element-632921e\" data-id=\"632921e\" data-element_type=\"column\" data-e-type=\"column\">\n\t\t\t<div class=\"elementor-widget-wrap elementor-element-populated\">\n\t\t\t\t\t\t<div class=\"elementor-element elementor-element-0c5562c elementor-widget elementor-widget-text-editor\" data-id=\"0c5562c\" data-element_type=\"widget\" data-e-type=\"widget\" data-widget_type=\"text-editor.default\">\n\t\t\t\t<div class=\"elementor-widget-container\">\n\t\t\t\t\t\t\t\t\t<p>\u2022 produzir conhecimentos inovadores e rigorosamente constru\u00eddos, respeitando os aspectos \u00e9ticos;<\/p><p>\u2022 formar recursos humanos l\u00edderes com habilidade cr\u00edtico-reflexiva para promo\u00e7\u00e3o de interven\u00e7\u00f5es educativas, atreladas \u00e0s necessidades do ensino superior em enfermagem;<\/p><p>\u2022 desenvolver comportamentos de cont\u00ednua atualiza\u00e7\u00e3o cient\u00edfica e constante aperfei\u00e7oamento em tecnologias do cuidar.<\/p>\t\t\t\t\t\t\t\t<\/div>\n\t\t\t\t<\/div>\n\t\t\t\t\t<\/div>\n\t\t<\/div>\n\t\t\t\t<div class=\"elementor-column elementor-col-33 elementor-top-column elementor-element elementor-element-b79a046\" data-id=\"b79a046\" data-element_type=\"column\" data-e-type=\"column\">\n\t\t\t<div class=\"elementor-widget-wrap elementor-element-populated\">\n\t\t\t\t\t\t<div class=\"elementor-element elementor-element-c3da7d8 elementor-widget elementor-widget-image\" data-id=\"c3da7d8\" data-element_type=\"widget\" data-e-type=\"widget\" data-widget_type=\"image.default\">\n\t\t\t\t<div class=\"elementor-widget-container\">\n\t\t\t\t\t\t\t\t\t\t\t\t\t\t\t<img decoding=\"async\" width=\"370\" height=\"418\" src=\"https:\/\/www.ee.usp.br\/proesa\/wp-content\/uploads\/2023\/03\/proposito.jpg\" class=\"attachment-large size-large wp-image-335\" alt=\"\" srcset=\"https:\/\/www.ee.usp.br\/proesa\/wp-content\/uploads\/2023\/03\/proposito.jpg 370w, https:\/\/www.ee.usp.br\/proesa\/wp-content\/uploads\/2023\/03\/proposito-133x150.jpg 133w, https:\/\/www.ee.usp.br\/proesa\/wp-content\/uploads\/2023\/03\/proposito-237x268.jpg 237w\" sizes=\"(max-width: 370px) 100vw, 370px\" \/>\t\t\t\t\t\t\t\t\t\t\t\t\t\t\t<\/div>\n\t\t\t\t<\/div>\n\t\t\t\t\t<\/div>\n\t\t<\/div>\n\t\t\t\t\t<\/div>\n\t\t<\/section>\n\t\t\t\t<\/div>\n\t\t","protected":false},"excerpt":{"rendered":"<p>O Programa de P\u00f3s-Gradua\u00e7\u00e3o em Enfermagem na Sa\u00fade do Adulto (PROESA) da Escola de Enfermagem da USP, nasceu em 2000 da fus\u00e3o das \u00c1reas de Concentra\u00e7\u00e3o \u201cFundamentos de Enfermagem\u201d e \u201cEnfermagem da Sa\u00fade do Adulto Institucionalizado\u201d, anteriormente pertencentes ao Programa de P\u00f3s-Gradua\u00e7\u00e3o em Enfermagem da Escola de Enfermagem da Universidade de S\u00e3o Paulo (EEUSP). O [&hellip;]<\/p>\n","protected":false},"author":1,"featured_media":0,"parent":0,"menu_order":0,"comment_status":"closed","ping_status":"closed","template":"","meta":{"_acf_changed":false,"footnotes":""},"class_list":["post-327","page","type-page","status-publish","hentry"],"acf":[],"_links":{"self":[{"href":"https:\/\/www.ee.usp.br\/proesa\/wp-json\/wp\/v2\/pages\/327","targetHints":{"allow":["GET"]}}],"collection":[{"href":"https:\/\/www.ee.usp.br\/proesa\/wp-json\/wp\/v2\/pages"}],"about":[{"href":"https:\/\/www.ee.usp.br\/proesa\/wp-json\/wp\/v2\/types\/page"}],"author":[{"embeddable":true,"href":"https:\/\/www.ee.usp.br\/proesa\/wp-json\/wp\/v2\/users\/1"}],"replies":[{"embeddable":true,"href":"https:\/\/www.ee.usp.br\/proesa\/wp-json\/wp\/v2\/comments?post=327"}],"version-history":[{"count":14,"href":"https:\/\/www.ee.usp.br\/proesa\/wp-json\/wp\/v2\/pages\/327\/revisions"}],"predecessor-version":[{"id":2743,"href":"https:\/\/www.ee.usp.br\/proesa\/wp-json\/wp\/v2\/pages\/327\/revisions\/2743"}],"wp:attachment":[{"href":"https:\/\/www.ee.usp.br\/proesa\/wp-json\/wp\/v2\/media?parent=327"}],"curies":[{"name":"wp","href":"https:\/\/api.w.org\/{rel}","templated":true}]}}