{"id":240,"date":"2023-03-14T16:01:19","date_gmt":"2023-03-14T19:01:19","guid":{"rendered":"https:\/\/www.ee.usp.br\/proesa\/?page_id=240"},"modified":"2026-01-30T12:11:25","modified_gmt":"2026-01-30T15:11:25","slug":"formulario-do-aluno","status":"publish","type":"page","link":"https:\/\/www.ee.usp.br\/proesa\/formulario-do-aluno","title":{"rendered":"Formul\u00e1rio do Aluno"},"content":{"rendered":"\t\t<div data-elementor-type=\"wp-page\" data-elementor-id=\"240\" class=\"elementor elementor-240\">\n\t\t\t\t\t\t<section class=\"elementor-section elementor-top-section elementor-element elementor-element-d717fca elementor-section-boxed elementor-section-height-default elementor-section-height-default\" data-id=\"d717fca\" data-element_type=\"section\" data-e-type=\"section\">\n\t\t\t\t\t\t<div class=\"elementor-container elementor-column-gap-default\">\n\t\t\t\t\t<div class=\"elementor-column elementor-col-33 elementor-top-column elementor-element elementor-element-82364e7\" data-id=\"82364e7\" data-element_type=\"column\" data-e-type=\"column\">\n\t\t\t<div class=\"elementor-widget-wrap elementor-element-populated\">\n\t\t\t\t\t\t<div class=\"elementor-element elementor-element-420e157 elementor-widget elementor-widget-image\" data-id=\"420e157\" data-element_type=\"widget\" data-e-type=\"widget\" data-widget_type=\"image.default\">\n\t\t\t\t<div class=\"elementor-widget-container\">\n\t\t\t\t\t\t\t\t\t\t\t\t\t\t\t<img fetchpriority=\"high\" decoding=\"async\" width=\"370\" height=\"418\" src=\"https:\/\/www.ee.usp.br\/proesa\/wp-content\/uploads\/2023\/03\/formulario-do-aluno.jpg\" class=\"attachment-large size-large wp-image-242\" alt=\"\" srcset=\"https:\/\/www.ee.usp.br\/proesa\/wp-content\/uploads\/2023\/03\/formulario-do-aluno.jpg 370w, https:\/\/www.ee.usp.br\/proesa\/wp-content\/uploads\/2023\/03\/formulario-do-aluno-133x150.jpg 133w, https:\/\/www.ee.usp.br\/proesa\/wp-content\/uploads\/2023\/03\/formulario-do-aluno-237x268.jpg 237w\" sizes=\"(max-width: 370px) 100vw, 370px\" \/>\t\t\t\t\t\t\t\t\t\t\t\t\t\t\t<\/div>\n\t\t\t\t<\/div>\n\t\t\t\t\t<\/div>\n\t\t<\/div>\n\t\t\t\t<div class=\"elementor-column elementor-col-66 elementor-top-column elementor-element elementor-element-d7953e3\" data-id=\"d7953e3\" data-element_type=\"column\" data-e-type=\"column\">\n\t\t\t<div class=\"elementor-widget-wrap elementor-element-populated\">\n\t\t\t\t\t\t<div class=\"elementor-element elementor-element-3f4ba7b elementor-widget__width-initial elementor-widget elementor-widget-text-editor\" data-id=\"3f4ba7b\" data-element_type=\"widget\" data-e-type=\"widget\" data-widget_type=\"text-editor.default\">\n\t\t\t\t<div class=\"elementor-widget-container\">\n\t\t\t\t\t\t\t\t\t<p>\u00a0\u00bb\u00a0 <a href=\"https:\/\/www.ee.usp.br\/proesa\/wp-content\/uploads\/2025\/07\/tutorial-requerimento-online-alunos.pdf\" target=\"_blank\" rel=\"noopener\">Tutorial &#8211; Requerimentos online Janus<\/a><\/p><p>\u00a0\u00bb\u00a0 <a href=\"https:\/\/www.ee.usp.br\/proesa\/wp-content\/uploads\/2026\/01\/matricula-aluno-regular-1025-1.docx\" target=\"_blank\" rel=\"noopener\">Requerimento de matr\u00edcula &#8211; Aluno Regular<\/a><\/p><p>\u00a0\u00bb\u00a0 <a href=\"https:\/\/www.ee.usp.br\/proesa\/wp-content\/uploads\/2026\/01\/plano-estudos-proesa-mestrado-doutorado-202512.docx\" target=\"_blank\" rel=\"noopener\">Plano de estudos &#8211; Mestrado e Doutorado<\/a><\/p><p>\u00a0\u00bb\u00a0 <a href=\"https:\/\/www.ee.usp.br\/proesa\/wp-content\/uploads\/2026\/01\/plano-estudos-proesa-doutorado-direto-202512.docx\" target=\"_blank\" rel=\"noopener\">Plano de estudos &#8211; Doutorado Direto<\/a><\/p><p>\u00a0\u00bb <a href=\"https:\/\/www.ee.usp.br\/proesa\/wp-content\/uploads\/2025\/06\/declaracao-orientador-sptrans-emtu.docx\" target=\"_blank\" rel=\"noopener\">Declara\u00e7\u00e3o de frequ\u00eancia semanal &#8211; SPTrans &#8211; EMTU<\/a><\/p><p>\u00a0\u00bb\u00a0 <a href=\"https:\/\/www.ee.usp.br\/proesa\/wp-content\/uploads\/2025\/08\/formulario-participacao-banca-aluno-proesa.docx\" target=\"_blank\" rel=\"noopener\">Formul\u00e1rio para registro como ouvinte em banca de EQ ou defesa de tese\/disserta\u00e7\u00e3o para aluno do PROESA<\/a><\/p><p>\u00a0<a href=\"https:\/\/docs.google.com\/forms\/d\/e\/1FAIpQLSf011xu_FZtNBcCO3sJwdZHJkiPDlmHSwNkWzpJZE_YM_NMUw\/viewform?pli=1\" target=\"_blank\" rel=\"noopener\">\u00bb\u00a0 Link para Avalia\u00e7\u00e3o de Disciplinas cursadas por alunos do PROESA<\/a><\/p>\t\t\t\t\t\t\t\t<\/div>\n\t\t\t\t<\/div>\n\t\t\t\t\t<\/div>\n\t\t<\/div>\n\t\t\t\t\t<\/div>\n\t\t<\/section>\n\t\t\t\t<section class=\"elementor-section elementor-top-section elementor-element elementor-element-5d01a79 elementor-section-boxed elementor-section-height-default elementor-section-height-default\" data-id=\"5d01a79\" data-element_type=\"section\" data-e-type=\"section\">\n\t\t\t\t\t\t<div class=\"elementor-container elementor-column-gap-default\">\n\t\t\t\t\t<div class=\"elementor-column elementor-col-100 elementor-top-column elementor-element elementor-element-e8a67b1\" data-id=\"e8a67b1\" data-element_type=\"column\" data-e-type=\"column\">\n\t\t\t<div class=\"elementor-widget-wrap elementor-element-populated\">\n\t\t\t\t\t\t<div class=\"elementor-element elementor-element-0f8c164 elementor-widget elementor-widget-heading\" data-id=\"0f8c164\" data-element_type=\"widget\" data-e-type=\"widget\" data-widget_type=\"heading.default\">\n\t\t\t\t<div class=\"elementor-widget-container\">\n\t\t\t\t\t<h2 class=\"elementor-heading-title elementor-size-default\"><b>FORMUL\u00c1RIOS E ORIENTA\u00c7\u00d5ES PARA INSCRI\u00c7\u00c3O EM EXAME DE QUALIFICA\u00c7\u00c3O<\/b><\/h2>\t\t\t\t<\/div>\n\t\t\t\t<\/div>\n\t\t\t\t<div class=\"elementor-element elementor-element-d0b2e5e elementor-widget elementor-widget-text-editor\" data-id=\"d0b2e5e\" data-element_type=\"widget\" data-e-type=\"widget\" data-widget_type=\"text-editor.default\">\n\t\t\t\t<div class=\"elementor-widget-container\">\n\t\t\t\t\t\t\t\t\t<p><a href=\"https:\/\/www.ee.usp.br\/proesa\/wp-content\/uploads\/2024\/12\/orientacoes-inscricao-eq-proesa-122024.pdf\" target=\"_blank\" rel=\"noopener\">\u00bb\u00a0 Orienta\u00e7\u00f5es para inscri\u00e7\u00e3o no Exame de Qualifica\u00e7\u00e3o<\/a><\/p><p><a href=\"https:\/\/www.ee.usp.br\/proesa\/wp-content\/uploads\/2026\/01\/avaliacao-anual-proesa.docx\" target=\"_blank\" rel=\"noopener\">\u00bb\u00a0 Formul\u00e1rio de avalia\u00e7\u00e3o de desempenho do aluno<\/a><\/p><p>\u00bb\u00a0 <a href=\"https:\/\/www.ee.usp.br\/proesa\/wp-content\/uploads\/2026\/01\/plano-estudos-proesa-mestrado-doutorado-202512.docx\" target=\"_blank\" rel=\"noopener\">Plano de estudos &#8211; Mestrado e Doutorado<\/a><\/p><p>\u00bb\u00a0 <a href=\"https:\/\/www.ee.usp.br\/proesa\/wp-content\/uploads\/2026\/01\/plano-estudos-proesa-doutorado-direto-202512.docx\" target=\"_blank\" rel=\"noopener\">Plano de estudos &#8211; Doutorado Direto<\/a><\/p><p>\u00bb <a href=\"https:\/\/www.ee.usp.br\/proesa\/wp-content\/uploads\/2024\/12\/1termo-de-inscricao-eq-a-partir-de-041019-proesa-turnitin.docx\" target=\"_blank\" rel=\"noopener\">Termo de Inscri\u00e7\u00e3o no Exame de Qualifica\u00e7\u00e3o<\/a><\/p>\t\t\t\t\t\t\t\t<\/div>\n\t\t\t\t<\/div>\n\t\t\t\t\t<\/div>\n\t\t<\/div>\n\t\t\t\t\t<\/div>\n\t\t<\/section>\n\t\t\t\t<section class=\"elementor-section elementor-top-section elementor-element elementor-element-0451cbf elementor-section-boxed elementor-section-height-default elementor-section-height-default\" data-id=\"0451cbf\" data-element_type=\"section\" data-e-type=\"section\">\n\t\t\t\t\t\t<div class=\"elementor-container elementor-column-gap-default\">\n\t\t\t\t\t<div class=\"elementor-column elementor-col-100 elementor-top-column elementor-element elementor-element-b349d6c\" data-id=\"b349d6c\" data-element_type=\"column\" data-e-type=\"column\">\n\t\t\t<div class=\"elementor-widget-wrap elementor-element-populated\">\n\t\t\t\t\t\t<div class=\"elementor-element elementor-element-0892385 elementor-widget elementor-widget-heading\" data-id=\"0892385\" data-element_type=\"widget\" data-e-type=\"widget\" data-widget_type=\"heading.default\">\n\t\t\t\t<div class=\"elementor-widget-container\">\n\t\t\t\t\t<h2 class=\"elementor-heading-title elementor-size-default\"><b>FORMUL\u00c1RIOS E ORIENTA\u00c7\u00d5ES PARA DEP\u00d3SITO DE DISSERTA\u00c7\u00c3O OU TESE<\/b><\/h2>\t\t\t\t<\/div>\n\t\t\t\t<\/div>\n\t\t\t\t<div class=\"elementor-element elementor-element-39bfc71 elementor-widget elementor-widget-text-editor\" data-id=\"39bfc71\" data-element_type=\"widget\" data-e-type=\"widget\" data-widget_type=\"text-editor.default\">\n\t\t\t\t<div class=\"elementor-widget-container\">\n\t\t\t\t\t\t\t\t\t<p><a style=\"font-family: var( --e-global-typography-text-font-family ), Sans-serif;font-weight: var( --e-global-typography-text-font-weight );background-color: var(--bs-body-bg);text-align: var(--bs-body-text-align)\" href=\"https:\/\/www.ee.usp.br\/proesa\/wp-content\/uploads\/2025\/05\/3ingresso-a-partir-de-041019-proesa-turnitin-2025.docx\" target=\"_blank\" rel=\"noopener\">\u00bb\u00a0 Termo de Dep\u00f3sito<\/a><\/p><p><a href=\"https:\/\/www.ee.usp.br\/proesa\/wp-content\/uploads\/2025\/09\/avaliacao-capes.docx\" target=\"_blank\" rel=\"noopener\">\u00bb\u00a0 Avalia\u00e7\u00e3o CAPES (para bolsistas e n\u00e3o bolsistas)<\/a><\/p><p><a href=\"https:\/\/www.ee.usp.br\/proesa\/wp-content\/uploads\/2025\/09\/autorizacao-biblioteca-digital-2025.docx\" target=\"_blank\" rel=\"noopener\">\u00bb\u00a0 Autoriza\u00e7\u00e3o de divulga\u00e7\u00e3o na BDTD USP (Biblioteca Digital)<\/a><\/p><p><a href=\"https:\/\/www.ee.usp.br\/proesa\/wp-content\/uploads\/2025\/05\/acervo-reservado-bdtd.docx\" target=\"_blank\" rel=\"noopener\">\u00bb\u00a0 Solicita\u00e7\u00e3o de manuten\u00e7\u00e3o da Disserta\u00e7\u00e3o ou Tese em Acervo Reservado &#8211; Biblioteca Digital<\/a><\/p><p><a href=\"https:\/\/www.ee.usp.br\/deposito-digital\/\" target=\"_blank\" rel=\"noopener\">\u00bb\u00a0 Orienta\u00e7\u00f5es para o dep\u00f3sito digital no Sistema Janus<\/a><\/p>\t\t\t\t\t\t\t\t<\/div>\n\t\t\t\t<\/div>\n\t\t\t\t\t<\/div>\n\t\t<\/div>\n\t\t\t\t\t<\/div>\n\t\t<\/section>\n\t\t\t\t<section class=\"elementor-section elementor-top-section elementor-element elementor-element-0043e28 elementor-section-boxed elementor-section-height-default elementor-section-height-default\" data-id=\"0043e28\" data-element_type=\"section\" data-e-type=\"section\">\n\t\t\t\t\t\t<div class=\"elementor-container elementor-column-gap-default\">\n\t\t\t\t\t<div class=\"elementor-column elementor-col-100 elementor-top-column elementor-element elementor-element-b2c5189\" data-id=\"b2c5189\" data-element_type=\"column\" data-e-type=\"column\">\n\t\t\t<div class=\"elementor-widget-wrap elementor-element-populated\">\n\t\t\t\t\t\t<div class=\"elementor-element elementor-element-407ca3e elementor-widget elementor-widget-heading\" data-id=\"407ca3e\" data-element_type=\"widget\" data-e-type=\"widget\" data-widget_type=\"heading.default\">\n\t\t\t\t<div class=\"elementor-widget-container\">\n\t\t\t\t\t<h2 class=\"elementor-heading-title elementor-size-default\"><b>PRORROGA\u00c7\u00c3O DE PRAZO DE DEP\u00d3SITO DE DISSERTA\u00c7\u00c3O OU TESE COM BASE NO REGULAMENTO DO PROGRAMA - AT\u00c9 90 DIAS<\/b><\/h2>\t\t\t\t<\/div>\n\t\t\t\t<\/div>\n\t\t\t\t<div class=\"elementor-element elementor-element-c4ef206 elementor-widget elementor-widget-text-editor\" data-id=\"c4ef206\" data-element_type=\"widget\" data-e-type=\"widget\" data-widget_type=\"text-editor.default\">\n\t\t\t\t<div class=\"elementor-widget-container\">\n\t\t\t\t\t\t\t\t\t<p><span style=\"font-size: 12pt;color: #000000\">A prorroga\u00e7\u00e3o de prazo pode ser solicitada com base no <a href=\"https:\/\/www.ee.usp.br\/proesa\/normas\" target=\"_blank\" rel=\"noopener\"><span style=\"text-decoration: underline\"><span style=\"color: #0000ff;text-decoration: underline\">Regulamento do Programa<\/span><\/span><\/a> ao qual o curso do aluno \u00e9 vinculado <strong>(somente para o prazo de dep\u00f3sito da disserta\u00e7\u00e3o\/tese, com limita\u00e7\u00e3o de 90 dias de prorroga\u00e7\u00e3o <span style=\"color: #ff0000\">*<\/span>).<\/strong><\/span><\/p>\n<p><span style=\"font-size: 12pt;color: #000000\">Esses pedidos s\u00e3o analisados pela CC-PROESA e pela CPG em suas <a href=\"https:\/\/www.ee.usp.br\/proesa\/comissao-coordenadora-do-programa-de-pos-graduacao-em-enfermagem-na-saude-do-adulto-cc-proesa\" target=\"_blank\" rel=\"noopener\"><span style=\"text-decoration: underline\"><span style=\"color: #0000ff;text-decoration: underline\">reuni\u00f5es ordin\u00e1rias<\/span><\/span><\/a> e a solicita\u00e7\u00e3o deve ser apresentada por meio do menu <a href=\"https:\/\/www.ee.usp.br\/proesa\/wp-content\/uploads\/2025\/07\/tutorial-requerimento-online-alunos.pdf\" target=\"_blank\" rel=\"noopener\"><span style=\"text-decoration: underline;color: #0000ff\"><b>\u201cRequerimentos\u201d do sistema Janus<\/b><\/span><\/a>.<\/span><\/p>\n<p><span style=\"font-size: 12pt;color: #000000\"><strong>Documenta\u00e7\u00e3o a ser apresentada:<\/strong><\/span><\/p>\n<ul>\n<li><span style=\"font-size: 12pt;color: #000000\">Requerimento firmado pelo aluno e com parecer circunstanciado do orientador, dirigido \u00e0 CCP, acompanhado de justificativa consistente a respeito da necessidade de prorroga\u00e7\u00e3o de prazo;<\/span><\/li>\n<li><span style=\"font-size: 12pt;color: #000000\">Relat\u00f3rio referente ao est\u00e1gio atual da Disserta\u00e7\u00e3o ou Tese. Se n\u00e3o concluiu coleta de dados, informar:<\/span><\/li>\n<\/ul>\n<p style=\"padding-left: 80px\"><span style=\"font-size: 12pt;color: #000000\">&#8211; tamanho da amostra j\u00e1 coletada e o total que se pretende coletar no per\u00edodo solicitado;<\/span><\/p>\n<p style=\"padding-left: 80px\"><span style=\"font-size: 12pt;color: #000000\">&#8211; data de in\u00edcio da coleta;<\/span><\/p>\n<p style=\"padding-left: 80px\"><span style=\"font-size: 12pt;color: #000000\">&#8211; indiv\u00edduos recrutados por m\u00eas;<\/span><\/p>\n<p style=\"padding-left: 80px\"><span style=\"font-size: 12pt;color: #000000\">&#8211; an\u00e1lise dos dados j\u00e1 coletados que demonstrem a necessidade de continuidade da coleta.<\/span><\/p>\n<ul>\n<li><span style=\"font-size: 12pt;color: #000000\">Cronograma indicativo das atividades a serem desenvolvidas at\u00e9 o final do curso, incluindo o per\u00edodo solicitado;<\/span><\/li>\n<li><span style=\"font-size: 12pt;color: #000000\">C\u00f3pia do parecer da Plataforma Brasil de aprova\u00e7\u00e3o do projeto;<\/span><\/li>\n<li><span style=\"font-size: 12pt;color: #000000\">C\u00f3pia da ficha do aluno;<\/span><\/li>\n<li><span style=\"font-size: 12pt;color: #000000\">C\u00f3pia do Curr\u00edculo Lattes;<\/span><\/li>\n<li><span style=\"font-size: 12pt;color: #000000\">Produ\u00e7\u00e3o cient\u00edfica do aluno em parceria com o orientador durante o curso.<\/span><\/li>\n<\/ul>\n<p><span style=\"font-size: 12pt;color: #000000;font-family: georgia, palatino, serif\"><strong>&nbsp;<\/strong><strong>Al\u00e9m da documenta\u00e7\u00e3o apresentada, ser\u00e3o considerados tamb\u00e9m:<\/strong><\/span><\/p>\n<ul>\n<li><span style=\"font-size: 12pt;color: #000000;font-family: georgia, palatino, serif\">As avalia\u00e7\u00f5es de desempenho do aluno pelo orientador medidas pelas Avalia\u00e7\u00f5es Anual\/Semestral entregues durante o curso;<\/span><\/li>\n<li><span style=\"font-size: 12pt;color: #000000;font-family: georgia, palatino, serif\">Ata do EQ (n\u00e3o ter apresentado reprova\u00e7\u00e3o no EQ);<\/span><\/li>\n<\/ul>\n<p><span style=\"font-size: 12pt;color: #000000;font-family: georgia, palatino, serif\"><strong><span style=\"color: #ff0000\"><span style=\"font-size: 12pt\">*<\/span>&nbsp;&nbsp;<\/span>Importante:&nbsp;<\/strong>Conforme&nbsp;<span style=\"text-decoration: underline\"><a href=\"https:\/\/leginf.usp.br\/?resolucao=resolucao-copgr-no-8655-de-27-de-junho-de-2024\" target=\"_blank\" rel=\"noopener\"><span style=\"color: #0000ff;text-decoration: underline\">RESOLU\u00c7\u00c3O CoPGr N\u00ba 8655\/2025<\/span><\/a><\/span>, Artigo 2\u00ba,<em>&nbsp;os alunos que tenham sido beneficiados com a concess\u00e3o de prorroga\u00e7\u00e3o excepcional do prazo,&nbsp;<span style=\"text-decoration: underline\">n\u00e3o poder\u00e3o<\/span>&nbsp;se valer das prorroga\u00e7\u00f5es de prazo de autonomia das Comiss\u00f5es de P\u00f3s-Gradua\u00e7\u00e3o, sempre que sua concess\u00e3o significar a extrapola\u00e7\u00e3o do prazo m\u00e1ximo previsto no art. 43 do&nbsp;<span style=\"text-decoration: underline\"><a href=\"https:\/\/leginf.usp.br\/?resolucao=resolucao-no-7493-de-27-de-marco-de-2018-copy\" target=\"_blank\" rel=\"noopener\"><span style=\"color: #0000ff;text-decoration: underline\">Regimento de P\u00f3s-Gradua\u00e7\u00e3o<\/span><\/a><\/span>&nbsp;(baixado pela&nbsp;<span style=\"text-decoration: underline\"><a href=\"https:\/\/leginf.usp.br\/?resolucao=resolucao-no-7493-de-27-de-marco-de-2018-copy\" target=\"_blank\" rel=\"noopener\"><span style=\"color: #0000ff;text-decoration: underline\">Resolu\u00e7\u00e3o n\u00ba 7493\/2018<\/span><\/a><\/span>).<\/em><\/span><\/p>\n<p><span style=\"font-family: georgia, palatino, serif;font-size: 12pt\"><span style=\"text-decoration: underline\"><a href=\"https:\/\/leginf.usp.br\/?resolucao=resolucao-no-7493-de-27-de-marco-de-2018-copy\" target=\"_blank\" rel=\"noopener\"><span style=\"color: #0000ff;text-decoration: underline\">Regimento de P\u00f3s-gradua\u00e7\u00e3o<\/span><\/a><\/span>:<em>&nbsp;Artigo 43 do \u2013 O prazo para a realiza\u00e7\u00e3o dos cursos de Mestrado ou de Doutorado deve ser fixado nos regulamentos dos Programas de P\u00f3s-Gradua\u00e7\u00e3o, observados os limites estabelecidos nos par\u00e1grafos deste artigo.<\/em><\/span><br><span style=\"font-family: georgia, palatino, serif;font-size: 12pt\"><em>\u00a7 1\u00ba \u2013 O curso de Mestrado dever\u00e1 ser conclu\u00eddo no prazo m\u00e1ximo de quarenta e oito meses.<\/em><\/span><br><span style=\"font-family: georgia, palatino, serif;font-size: 12pt\"><em>\u00a7 2\u00ba \u2013 O curso de Doutorado, sem obten\u00e7\u00e3o pr\u00e9via do t\u00edtulo de Mestre, denominado Doutorado Direto, dever\u00e1 ser conclu\u00eddo no prazo m\u00e1ximo de setenta e dois meses.<\/em><\/span><br><span style=\"font-family: georgia, palatino, serif;font-size: 12pt\"><em>\u00a7 3\u00ba \u2013 O portador do t\u00edtulo de Mestre que se inscrever em curso de Doutorado dever\u00e1 concluir o curso no prazo m\u00e1ximo de sessenta meses.<\/em><\/span><\/p>\t\t\t\t\t\t\t\t<\/div>\n\t\t\t\t<\/div>\n\t\t\t\t\t<\/div>\n\t\t<\/div>\n\t\t\t\t\t<\/div>\n\t\t<\/section>\n\t\t\t\t<\/div>\n\t\t","protected":false},"excerpt":{"rendered":"<p>\u00a0\u00bb\u00a0 Tutorial &#8211; Requerimentos online Janus \u00a0\u00bb\u00a0 Requerimento de matr\u00edcula &#8211; Aluno Regular \u00a0\u00bb\u00a0 Plano de estudos &#8211; Mestrado e Doutorado \u00a0\u00bb\u00a0 Plano de estudos &#8211; Doutorado Direto \u00a0\u00bb Declara\u00e7\u00e3o de frequ\u00eancia semanal &#8211; SPTrans &#8211; EMTU \u00a0\u00bb\u00a0 Formul\u00e1rio para registro como ouvinte em banca de EQ ou defesa de tese\/disserta\u00e7\u00e3o para aluno do PROESA [&hellip;]<\/p>\n","protected":false},"author":1,"featured_media":0,"parent":0,"menu_order":0,"comment_status":"closed","ping_status":"closed","template":"","meta":{"_acf_changed":false,"footnotes":""},"class_list":["post-240","page","type-page","status-publish","hentry"],"acf":[],"_links":{"self":[{"href":"https:\/\/www.ee.usp.br\/proesa\/wp-json\/wp\/v2\/pages\/240","targetHints":{"allow":["GET"]}}],"collection":[{"href":"https:\/\/www.ee.usp.br\/proesa\/wp-json\/wp\/v2\/pages"}],"about":[{"href":"https:\/\/www.ee.usp.br\/proesa\/wp-json\/wp\/v2\/types\/page"}],"author":[{"embeddable":true,"href":"https:\/\/www.ee.usp.br\/proesa\/wp-json\/wp\/v2\/users\/1"}],"replies":[{"embeddable":true,"href":"https:\/\/www.ee.usp.br\/proesa\/wp-json\/wp\/v2\/comments?post=240"}],"version-history":[{"count":392,"href":"https:\/\/www.ee.usp.br\/proesa\/wp-json\/wp\/v2\/pages\/240\/revisions"}],"predecessor-version":[{"id":3950,"href":"https:\/\/www.ee.usp.br\/proesa\/wp-json\/wp\/v2\/pages\/240\/revisions\/3950"}],"wp:attachment":[{"href":"https:\/\/www.ee.usp.br\/proesa\/wp-json\/wp\/v2\/media?parent=240"}],"curies":[{"name":"wp","href":"https:\/\/api.w.org\/{rel}","templated":true}]}}